se 7*o + 264 = 3*o. Let k = -57 - o. Let h = -1 + k. What is i(h)?
5
Let a(w) = -7*w + 2. Let u(c) = -8*c + 2. Let d(v) = -5*a(v) + 4*u(v). Suppose 0 = 52*n - 48*n - 5*i - 26, -16 = 4*n + 2*i. What is d(n)?
-5
Suppose 2*i + 2 = 4. Let m(l) = l**2 - 1725*l**3 + 0*l**2 - 3*l + 1726*l**3 + i. Determine m(-3).
-8
Let b(y) = -y**2 + 10*y + 19. Let i(q) = q**2 - 82*q + 1674. Let u be i(40). Give b(u).
-77
Let o = 1115 - 1115. Let f(p) = p**3 - p - 9. Determine f(o).
-9
Let k(r) = -31*r + 8*r - 16*r + 69 - 18 - 47. Calculate k(0).
4
Let w(t) be the third derivative of -t**7/280 - t**6/90 + t**5/30 - t**4/8 - 197*t**3/6 + 37*t**2. Let c(x) be the first derivative of w(x). Give c(2).
-35
Let y(j) be the first derivative of j**3/3 + 68*j - 149. What is y(0)?
68
Let o(p) = p. Let j be o(-3). Let c(d) = -36*d - 1. Let k(x) = 40*x + 2. Let u(q) = c(q) + k(q). What is u(j)?
-11
Let k(m) be the first derivative of m**2 - 12*m - 71. Suppose 3 = z - w, 0*w + 12 = -z - 4*w. What is k(z)?
-12
Let o(k) = -4*k + 4. Suppose 2*q = -2*q + 68. Suppose 0 = -4*c - w + q - 4, -4*c - 4*w + 16 = 0. Determine o(c).
-8
Let a(g) = -28*g + 126. Let r = -10870 + 10874. What is a(r)?
14
Suppose 7 - 8 = q. Let i(n) = n - 1. Let c(l) = 9. Let b(g) = q*c(g) - 5*i(g). Let y be (14/(-4) - -2)*-2. What is b(y)?
-19
Let i(o) = -o + 9. Suppose -237*u - 962 = -4991. Determine i(u).
-8
Let q(z) = -6*z**2 - 7*z - 136. Let a(p) = 3*p**2 + 4*p + 83. Let b(m) = 10*a(m) + 6*q(m). What is b(0)?
14
Let t(n) = n**3 - 6*n**2 + 3*n - 8. Suppose 0 = -3*x + 9, -3*i - 5*x = -8*i + 5. What is t(i)?
-28
Let a = -4 + 6. Let j(y) = 36*y - 7. Let o(c) = 28*c - 5. Let r(s) = -2*j(s) + 3*o(s). What is r(a)?
23
Let r(a) = 11*a + 9. Let b be r(0). Let q(f) = -f**3 + 10*f**2 - 8*f - 7. Let w be q(b). Let y(l) = w*l + 2*l + l**2 - 5*l + 8. Give y(0).
8
Suppose -3*f + 9*k = 11*k - 6, 0 = -5*f + 3*k + 48. Let a(y) = -2*y**2 + 12*y - 5. What is a(f)?
-5
Suppose -3 = -r - r + o, -3*r + 8 = -5*o. Let a(d) = r - d**2 - 136*d - 143*d + 274*d. Calculate a(-6).
-5
Let m(c) be the first derivative of -c + 5/2*c**2 + 1/3*c**3 + 73. Determine m(-3).
-7
Let c = 15 + 19. Suppose -2*q = -g + 8 + 1, -c = -3*g - q. Let k(l) = 27 + l + g - 27. Calculate k(-6).
5
Let b(h) = h + 1. Let o(v) = -1. Let g(i) = b(i) - 2*o(i). Let z be 7/((-21)/(-6))*(-13329)/18. Let x = 1491 + z. What is g(x)?
13
Let z(k) = 24*k**2 + 5*k + 88. Let h(d) = -8*d**2 - 2*d - 34. Let l(q) = -8*h(q) - 3*z(q). Calculate l(-2).
-26
Let k(y) = 7*y + 27. Let a be k(-9). Let i = -35 - a. Let o = -3 - i. Let p(g) = g**2 + 5*g + 2. Calculate p(o).
-2
Let w(k) = k**2 - 6*k - 2. Let q = 13 + -7. Let p be w(q). Let d(r) = -6 + 4 + 7*r - 4*r + r**2. Determine d(p).
-4
Let b(r) = -r**3 - 3*r**2 + 3*r - 1. Let j = 16 - 11. Suppose 2*t = -4*k + 20, 0*k - k + j*t = -16. Suppose 2*g + f + k = -f, -2*g - 3*f = 5. Calculate b(g).
3
Let i be (-2)/7 - 111/(-21). Let h(c) = -i - 1 + 8 + 6 - 2*c. Let b = 98 - 90. Calculate h(b).
-8
Let r(x) be the third derivative of x**5/60 - x**4/6 - x**3/2 - 2*x**2. Suppose -12*o + 3 = -57. Suppose -15*n - o*n = -60. Determine r(n).
-6
Let r(q) = -q**3 - 30*q - 119. Let f be r(-3). Let t(w) = -19*w - 23. What is t(f)?
15
Let g(m) = -11*m - 7. Let t(k) = 23*k + 15. Let j(h) = -13*g(h) - 6*t(h). Let u be 1/1*(27 - -344). Let f = u + -370. Give j(f).
6
Suppose 301 = -9*v + 94. Let x(o) = -o**2 - 25*o - 41. Determine x(v).
5
Let q = -1 + 5. Let l(r) = -r**3 - r - 1. Let g(s) = -5*s**2 + 6*s - 6. Let b(j) = g(j) - l(j). Give b(q).
7
Suppose -166 = 374*t - 369*t - 3*a, 4*a = -4*t - 88. Let n(c) = c**3 + 29*c**2 - 2*c - 24. Determine n(t).
34
Let h(v) = -v**3 - 6*v**2 - 9*v - 9. Let f be ((-4)/6)/(481/1443). Give h(f).
-7
Let o(k) be the third derivative of k**5/60 + k**4/8 + 7*k**3/6 + 378*k**2. Let r(n) = 2*n**3 + 35*n**2 + 18*n + 17. Let p be r(-17). What is o(p)?
7
Let k = 114 + -65. Let l = k + -45. Let v(g) = 20*g**2 - l*g - 22*g**2 + 2 + 4*g. Give v(-2).
-6
Let g(f) = f**2 - 17*f - 10. Let h be ((-2 + (-24)/(-10))*8)/((-55)/(-275)). Determine g(h).
-26
Let q(r) = -r**2 + 28*r - 168. Let v be ((-46)/22 - -3)*(8 + (-15)/(-5)). Determine q(v).
12
Let n(o) = -4*o**3 - o**2 - o + 1. Let h be n(1). Let s(g) = -g**2 + 7*g - 7. Let b(j) = -j**2 + 8*j - 9. Let t(w) = h*s(w) + 4*b(w). What is t(6)?
17
Let n be ((-70)/(-84))/(2/12). Let v(f) = -4*f**2 - 9*f. Let u(j) = -5*j**2 - 10*j - 1. Let r(q) = n*u(q) - 6*v(q). What is r(4)?
-5
Let i(k) = 6*k + 7*k + 3*k + 0*k + 62 - 3*k. What is i(-6)?
-16
Let g(j) = -2*j**2 - 5*j + 6. Let f = 1830 + -1836. What is g(f)?
-36
Let d(j) = -36*j - 175. Let a(w) = 17*w + 76. Let g(x) = -26*a(x) - 12*d(x). Give g(16).
-36
Let o(x) = x**3 - 8*x**2 - 4. Let m(k) = k**3 + 28*k**2 + 3*k + 89. Let j be m(-28). Suppose -2*a + q = -0*a - 13, 2*q = -j*a + 46. Give o(a).
-4
Let n be 3*((-12)/(-18) - 4/3). Let m(i) be the third derivative of -1/3*i**3 - 9*i**2 - 1/120*i**6 + 0 - 1/10*i**5 - 1/6*i**4 + 0*i. Calculate m(n).
-10
Suppose 39*o - 27 = 30*o. Suppose 4*r + 20 = 28. Let i(a) = 2*a**2 - a + 116 + 2*a**r - a**2 - a**3 - 112. What is i(o)?
1
Suppose 0 = 30*s - 3*f - 783, s + 54*f - 25 = 53*f. Let p(j) = -j**2 + 29*j - 79. Give p(s).
-1
Let w(t) be the third derivative of -t**6/120 - 11*t**5/60 + t**4/8 - t**3/3 + 4764*t**2. Give w(-11).
-35
Suppose 146*m = 81*m + 130. Let r(l) = -l**3 + 5*l**2 - 33*l + 65. Determine r(m).
11
Let w be (-3 + 0 + -2)*1. Let i(s) = s - 24. Let h(v) = v - 28. Let d(g) = w*h(g) + 6*i(g). Let r = 0 + 0. Determine d(r).
-4
Let v(j) be the third derivative of 1/3*j**3 + 0*j + 0 + 1/24*j**4 + 1/120*j**6 - 32*j**2 + 1/15*j**5. Give v(-2).
8
Let h(y) be the second derivative of 107*y + 5/6*y**3 + 0 + 3/2*y**2. Calculate h(-2).
-7
Let n(j) = j**3 - 10*j**2 - 9*j + 89. Let w be n(10). Let l(s) = -21*s**3 - 2*s**2 + s + 2. Determine l(w).
20
Suppose -i + 0 = -2. Let h(c) = c**2 + 20*c - 61. Let s be h(-31). Let p(u) = 139 - s + 141 + 3*u. Calculate p(i).
6
Let z = -66 + 70. Let i be z/(-10) + 42/30. Let l(u) = 9*u**2 + 3*u**3 - 2*u**3 + 3*u + 3 - 4*u**2 - i. Determine l(-3).
11
Suppose -146*i - 1868 + 408 = 0. Let p(o) = -o**3 - 9*o - 11*o**2 - 5 - 2*o + 0*o. Give p(i).
5
Let p(c) = c**3 + 5*c**2 + 7*c + 4. Let b(x) = -7*x - 17. Let j be b(-3). Suppose 5*s = 6 + j. Suppose 7 = -5*f + 3*d - 1, -s*d - 8 = 0. Calculate p(f).
-8
Suppose -6*h + 2*h + 64 = 0. Suppose -2*q + 10 = 2. Suppose -3*t - 2*z = -h, -4*t = -t - q*z - 22. Let s(a) = a**3 - 7*a**2 + 7*a - 8. Give s(t).
-2
Let g = -4219 - -4220. Let l(y) = 22*y - 3. Calculate l(g).
19
Let t be 3 - (7 - -4)*-7. Let h be ((-12)/5)/((-12)/t). Let r(p) = -p + 38 - 6 - h - 13. Calculate r(3).
0
Suppose -136*c - 506 = 25 + 421. Let p(q) = -2*q**2 - 15*q + 1. What is p(c)?
8
Let w = 9102 + -9097. Let c(t) = 65 + 7*t - 55 - t**2 - 3*t. Give c(w).
5
Let m(f) = -f**3 + f - 1. Suppose 3*p + 4*l + 20 + 119 = 0, -p - l - 47 = 0. Let d be (0 + 2)*p/(-98). Determine m(d).
-1
Let t(r) = r**2 - 3 - 6*r + 1 - 2. Let i(u) = 30*u - 234. Let d be i(8). Calculate t(d).
-4
Let u(z) = 30*z**3 + 2*z**2 - 1. Let c be (4/(-1) + 9)*1/5. Calculate u(c).
31
Let p(m) = 2*m**2 + 4*m + 2. Let o = -35 - -21. Let r be (1 - (-46)/o) + (-44)/(-154). Let w be (8/10)/(r*(-2)/(-10)). Give p(w).
2
Let w(b) be the first derivative of 5/3*b**3 - 3*b - 5/2*b**2 - 1/4*b**4 - 22. Calculate w(4).
-7
Let x(r) be the first derivative of 3*r**2/2 - 2*r - 125. Let o(j) = 7*j - 5. Let z(d) = 4*o(d) - 10*x(d). Let g = 11 + -8. Calculate z(g).
-6
Let s(d) = d**2 + 9*d + 2. Let k(o) = -5*o - 1. Let t(j) = -5*k(j) - 3*s(j). Suppose -3*h - 80 = -5*g - 4*h, 0 = h + 5. Suppose 0 = y - g*y - 16. Give t(y).
-2
Suppose -16*y - 19822 = -19694. Let p(x) = -2*x**2 + 13*x + 12. Let l(s) = -s**2 + s + 1. Let u(b) = -3*l(b) + p(b). Calculate u(y).
-7
Let o(l) = l**3 + 14*l**2 + 24*l - 18. Let z(i) = -4*i**2 - 154*i - 88. Let q be z(-38). What is o(q)?
-18
Suppose 5*d + 130*h = 126*h + 30, -2*h = -d + 6. Let i(t) = -3*t**2 + 29*t - 68. Calculate i(d).
-2
Let b = 68 + -60. Suppose b*r + 5 - 61 = 0. Let j(k) = k**2 + 18*k - 8 + 23*k - 47*k. What is j(r)?
-1
Let x(p) = p**3 + 5*p**2 + 5*p + 9. Let j be x(-4). Let n(s) be the third derivative of s**6/120 - s**5/15 - s**4/12 + 5*s**3/6 - 2*s**2 + 14*s. What is n(j)?
20
Let q(p)